 a factor of 165154080?
True
Is 70 a factor of 2197605854?
False
Does 9 divide 8747154?
True
Is 378 a factor of 64999368?
True
Is 317379341 a multiple of 139?
False
Is 235906872 a multiple of 426?
True
Is 27 a factor of 299450682?
True
Is 3402351 a multiple of 536?
False
Is 71 a factor of 89593300?
False
Does 17 divide 189229149?
False
Is 5845 a factor of 325876285?
True
Does 2 divide 744830420?
True
Does 4424 divide 506304417?
False
Is 4693356389 a multiple of 5057?
False
Does 36 divide 606552694?
False
Is 253 a factor of 1211016?
False
Is 5 a factor of 8537977?
False
Is 573 a factor of 92149911?
False
Does 30 divide 988707000?
True
Is 173374091 a multiple of 7?
False
Does 11 divide 2222620884?
True
Is 731 a factor of 39411865?
True
Does 144 divide 1373397912?
False
Does 5 divide 25793925?
True
Is 7327732783 a multiple of 91?
False
Is 83730 a multiple of 3?
True
Is 802846173 a multiple of 159?
True
Is 112 a factor of 505920305?
False
Does 227 divide 84000215?
True
Is 66 a factor of 35334684?
True
Does 3 divide 12754368?
True
Is 40221183 a multiple of 26?
False
Is 4 a factor of 44015493?
False
Does 386 divide 1076987723?
False
Is 124 a factor of 345398828?
False
Is 33877056 a multiple of 321?
True
Does 17 divide 63278845?
True
Is 101819591 a multiple of 683?
True
Is 82608152 a multiple of 61?
True
Is 14110 a factor of 3253272150?
True
Does 2222 divide 113868612?
True
Does 6104 divide 829545808?
True
Is 32703229 a multiple of 61?
False
Is 6900 a factor of 399882600?
True
Does 33 divide 398475?
True
Is 119118951 a multiple of 75?
False
Does 365 divide 1764142090?
True
Is 1878732 a multiple of 19?
False
Is 9 a factor of 1198382607?
True
Does 14 divide 3756580?
False
Is 2005 a factor of 1315280?
True
Is 165117550 a multiple of 130?
True
Does 60 divide 32538660?
True
Does 7 divide 362559652?
True
Is 41048499 a multiple of 24?
False
Does 15 divide 1370164860?
True
Does 1105 divide 463105563?
False
Is 4642 a factor of 817963398?
False
Is 810 a factor of 245553122?
False
Does 15 divide 754970145?
True
Does 4 divide 15196848?
True
Is 389535640 a multiple of 428?
True
Is 158 a factor of 4828523?
False
Does 19 divide 61357023?
True
Does 275 divide 171675625?
True
Does 2595 divide 1174953720?
True
Does 23 divide 32217710?
True
Is 26 a factor of 636945636?
False
Is 33787548 a multiple of 12?
True
Is 4020 a factor of 52708782?
False
Is 21681016 a multiple of 14?
True
Is 13634678 a multiple of 60?
False
Is 13224708 a multiple of 3?
True
Is 169876011 a multiple of 929?
True
Is 61119758 a multiple of 14?
True
Is 2093 a factor of 215752585?
False
Is 1758 a factor of 989748726?
True
Is 8434849 a multiple of 4?
False
Is 77619512 a multiple of 107?
True
Is 36778915 a multiple of 62?
False
Does 324 divide 547560000?
True
Is 5159370 a multiple of 458?
True
Is 230 a factor of 244728740?
True
Does 201 divide 6586770?
True
Is 29 a factor of 61713816?
False
Does 2701 divide 694351552?
False
Is 22 a factor of 95931543?
False
Does 10 divide 159638188?
False
Is 316320400 a multiple of 2479?
True
Does 7 divide 301180397?
True
Is 63660128 a multiple of 146?
False
Is 105980649 a multiple of 7?
False
Does 2658 divide 107566602?
True
Does 49 divide 60652298?
True
Is 113 a factor of 168917526?
False
Does 3204 divide 188401608?
True
Is 1101 a factor of 137376790?
False
Does 106 divide 2965880?
True
Does 1325 divide 17509787?
False
Is 28516435 a multiple of 105?
False
Is 640496550 a multiple of 335?
True
Does 26 divide 11853729?
False
Does 6 divide 231356040?
True
Does 12 divide 6110736?
True
Is 766 a factor of 58187658?
True
Is 350636529 a multiple of 515?
False
Is 1169 a factor of 9611442?
False
Is 479 a factor of 196570763?
False
Does 266 divide 801378998?
True
Is 708 a factor of 1709590608?
True
Is 78215650 a multiple of 127?
False
Does 5 divide 267900708?
False
Is 67 a factor of 7303536?
True
Does 83 divide 1026019731?
False
Does 31 divide 87614866?
True
Is 838 a factor of 1272268360?
True
Is 65037924 a multiple of 21?
True
Does 12 divide 91624368?
True
Is 562 a factor of 13096073?
False
Does 30 divide 191906910?
True
Is 849 a factor of 86058916?
False
Is 221 a factor of 679943849?
True
Does 11 divide 53756340?
True
Is 5 a factor of 9766971?
False
Does 3958 divide 2381897511?
False
Does 125 divide 4404934?
False
Does 668 divide 2937805737?
False
Does 354 divide 752686364?
False
Is 897 a factor of 443575470?
True
Is 8246 a factor of 1130466736?
False
Does 111 divide 31601370?
False
Does 386 divide 535893064?
True
Is 26969616 a multiple of 17?
True
Is 314271015 a multiple of 15?
True
Is 84 a factor of 566673?
False
Is 15684480 a multiple of 105?
True
Is 10581041 a multiple of 932?
False
Is 2888 a factor of 312528136?
False
Is 137582163 a multiple of 102?
False
Is 116 a factor of 22401920?
True
Is 455062074 a multiple of 339?
True
Is 16617686 a multiple of 2562?
False
Does 488 divide 23024816?
True
Does 203 divide 7147586?
False
Does 1317 divide 330477742?
False
Is 119 a factor of 540165103?
False
Is 2250688 a multiple of 253?
True
Is 134 a factor of 26781106?
True
Is 18 a factor of 16623432?
True
Does 205 divide 2119603363?
False
Does 41 divide 79831961?
True
Does 2531 divide 492068299?
False
Does 93 divide 357646659?
True
Does 483 divide 22371281?
False
Is 73879875 a multiple of 9?
True
Is 255772531 a multiple of 3?
False
Is 267052912 a multiple of 777?
False
Does 10 divide 467843935?
False
Does 103 divide 24607925?
False
Does 43 divide 469305913?
True
Is 183 a factor of 61161343?
False
Does 366 divide 160405617?
False
Is 418 a factor of 21176716?
True
Is 14707032 a multiple of 1032?
True
Is 320804538 a multiple of 331?
True
Is 10 a factor of 805246600?
True
Is 1001547025 a multiple of 25?
True
Does 1421 divide 542561957?
True
Does 2766 divide 203115678?
True
Is 8 a factor of 126728960?
True
Is 314 a factor of 3177074583?
False
Is 848 a factor of 53306128?
True
Is 2186 a factor of 56125550?
True
Is 11629545 a multiple of 2?
False
Does 51 divide 15581469?
True
Is 63208625 a multiple of 478?
False
Is 537669 a multiple of 2?
False
Does 9886 divide 3009219312?
True
Does 682 divide 37775698?
False
Does 61 divide 1104785274?
True
Is 244052872 a multiple of 2438?
False
Does 73 divide 137191601?
True
Is 852 a factor of 72448116?
True
Does 37 divide 31840239?
True
Is 52877621 a multiple of 397?
True
Does 4385 divide 61695089?
False
Is 20053160 a multiple of 110?
False
Is 45 a factor of 2435175270?
True
Is 455918240 a multiple of 8105?
False
Does 83 divide 20407957?
True
Is 2 a factor of 5327853?
False
Is 1005 a factor of 97592535?
True
Is 21596973 a multiple of 10?
False
Is 75 a factor of 350130210?
False
Is 14 a factor of 2292225502?
True
Is 19551168 a multiple of 672?
True
Does 677 divide 65721825?
False
Does 11 divide 118688658?
True
Does 9 divide 204265483?
False
Does 2725 divide 71337775?
True
Is 158528146 a multiple of 629?
False
Does 1156 divide 68512652?
True
Is 369 a factor of 10408829?
False
Does 446 divide 502019537?
False
Is 137733 a multiple of 93?
True
Is 1230873460 a multiple of 37?
False
Does 25 divide 1512006186?
False
Is 99236776 a multiple of 62?
False
Is 22912423 a multiple of 19?
True
Is 84 a factor of 699248256?
True
Is 41756603 a multiple of 117?
False
Does 583 divide 10747022?
True
Is 23293026 a multiple of 9?
True
Does 13 divide 17658888?
True
Does 500 divide 10006774?
False
Is 230772248 a multiple of 1288?
True
Is 1761868743 a multiple of 4?
False
Is 45452239 a multiple of 74?
False
Is 11 a factor of 92584173?
True
Is 2266 a factor of 149673832?
True
Does 63 divide 710241840?
True
Is 14 a factor of 3247319001?
False
Is 1703480067 a multiple of 12?
False
Is 1414 a factor of 101587416?
True
Is 9 a factor of 25316775?
True
Does 56 divide 375932372?
False
Does 211 divide 933429185?
True
Is 204156462 a multiple of 2319?
False
Is 1147344 a multiple of 82?
True
Is 35 a factor of 4044632655?
True
Is 69 a factor of 9949593?
True
Does 87 divide 390214140?
True
Is 1565 a factor of 208501820?
True
Is 18763881 a multiple of 101?
True
Does 3957 divide 16484862?
True
Does 13 divide 578683334?
False
Does 46 divide 35479800?
True
Does 117 divide 10493145?
True
Does 508 divide 48013112?
True
Is 82 a factor of 20706577?
False
Does 5 divide 368736505?
True
Does 86 divide 383